ctor of m and 11.
11
Let i = 17 - 12. Suppose i*l - 21 = -6. Suppose 5*j + 5*y = 15, 5*j - 7*j = -4*y - 6. Calculate the highest common divisor of l and j.
3
Let r(i) = -i + 60. Let t be r(6). Calculate the greatest common factor of t and 30.
6
Let t = -487 - -567. Calculate the highest common factor of t and 140.
20
Let j(i) = i**2 + 5*i + 1. Let d be j(-6). Let v(w) = -w**3 + 6*w**2 + w + 8. Let q be v(d). Let u = 41 + q. Calculate the greatest common divisor of u and 1.
1
Suppose 22*o = 17*o + 530. Let x = 4 - 4. Suppose 5*h - o + 31 = x. Calculate the highest common divisor of h and 135.
15
Let m(y) = -3 + 18 + 0*y**2 + 2*y**2 - y. Let b be m(0). Calculate the greatest common factor of 15 and b.
15
Suppose 3 + 45 = 2*f. Let t(s) = -s**3 + 13*s**2 - 9*s - 28. Let d be t(12). Calculate the highest common divisor of d and f.
8
Let b be (-189)/(-4) - 6/(-8). Suppose -y + 4*y - b = 0. Suppose y = 3*x + 4. What is the highest common factor of x and 12?
4
Suppose 2*w = 4*w + 5*f - 42, 0 = 4*w - 3*f - 58. Let n be 2/(w/114) - 18/72. What is the highest common factor of n and 63?
7
Suppose -223 - 785 = -14*q. Calculate the greatest common factor of 576 and q.
72
Let r(s) = s**3 + 13*s**2 - 7*s + 12. Let n be r(-12). Calculate the greatest common divisor of n and 30.
30
Let p(q) = -3*q**2 - 2*q + 3. Let u be p(-3). Let y(d) = d**2 + 16*d - 9. Let l be y(u). Calculate the greatest common factor of l and 108.
27
Let p be 3593 - (4 + (-11)/(11/(-3))). What is the highest common divisor of 22 and p?
22
Let j(h) = -h**3 + 4*h**2 + 4*h - 1. Let w be j(5). Let l be 1/(3/w) - -3. Calculate the highest common factor of 3 and l.
1
Let c be 14 + -8 + (-1 - 19/(-1)). Let d be (-27)/21 - (-4)/14. Let p be (1 + d)/2 + 12. What is the greatest common divisor of c and p?
12
Let j(s) = s**2 + 15*s + 39. Let i be j(-12). Suppose k = -2*o + 29, i*o = 2*k + 2*o - 33. What is the greatest common factor of k and 57?
19
Let m(w) = -3*w - 1. Let z be m(-4). Suppose -3*j + 16 + z = 0. What is the highest common factor of 99 and j?
9
Let v be -1 - -1 - -78*(-5)/10. Let w = -3 - v. Calculate the greatest common factor of w and 9.
9
Let s(l) = -l**3 + 3*l**2 + 2. Let o be s(3). Let q be o*1 - (-43 + -5). Let c = 59 - 39. What is the greatest common factor of c and q?
10
Let j(q) = -q**2 + 4*q + 1. Let l be j(2). Let f be 4*l*3/4. Suppose 2*c = 5*s - 0 - 5, 2*s + c - 11 = 0. Calculate the highest common factor of s and f.
3
Suppose -4*d + 18 - 2 = 0. Suppose 2*x - 1064 = -d*w + 1100, -4*w = 5*x - 2170. What is the highest common divisor of 60 and w?
60
Let s = 76 - 64. Calculate the greatest common divisor of s and 9.
3
Let a be -1 + -70*(-1 + 0). Suppose 294 = 3*s - 3*x, 5*s - 75*x = -76*x + 454. What is the highest common factor of s and a?
23
Let i = 43 - -34. Let k be 27/(-45)*(5 - 0). Let b = k - -10. Calculate the highest common factor of b and i.
7
Let d = 34 - 11. Let p = d - 19. Suppose 6 = -2*a + p*t, -5 = -4*t + 3. What is the highest common factor of a and 3?
1
Suppose -5*m + 2143 = 2*c, -5*c - 1291 - 824 = -5*m. What is the highest common factor of 61 and m?
61
Let a(v) = v**3 - 3*v**2 - v + 1. Let x be a(3). Let h be (-3)/x*14/21 - -9. Calculate the highest common divisor of h and 110.
10
Let n = -157 + 428. Let j = -64 + n. Let w = 32 - 9. Calculate the greatest common divisor of j and w.
23
Suppose -2*w + 4*k - 6*k = 0, 0 = 5*w + 4*k. Suppose w = 3*n - 5*j - 104, -n + 3*j = -j - 30. What is the highest common divisor of n and 304?
38
Suppose -2*x + 3*x = u - 9, -u + 21 = -4*x. Let w = -15 + u. Let d = 12 - w. What is the highest common divisor of d and 55?
11
Let y be 0/(-3) + (4 - 2). Suppose -k = -5*q - 111, -609 = -k - 4*k - y*q. What is the greatest common factor of k and 11?
11
Suppose 4*t - 2 - 30 = 0. Suppose -3*a + 16 = -2*a. Calculate the greatest common divisor of a and t.
8
Let d be 8/(-12) - (-16394)/21. Calculate the highest common factor of 180 and d.
60
Let d(l) = l**3 - 7*l**2 - 12*l + 35. Let x be d(8). Suppose x*f - 393 = -m, 374 - 2355 = -5*m + f. Calculate the greatest common factor of 36 and m.
36
Let x = 328 - 320. Suppose 116 - 4 = 2*h. What is the greatest common divisor of x and h?
8
Let i = -1169 + 3223. What is the greatest common factor of 26 and i?
26
Suppose 15*n - p - 6 = 14*n, -p - 36 = -4*n. What is the greatest common divisor of n and 210?
10
Suppose -65 = -9*x + 70. Suppose 4*d + 2*j = 243 + 3, -3*d + 162 = -3*j. Suppose -d = 4*s - 299. Calculate the highest common divisor of s and x.
15
Suppose -469 = -5*u + 2*c, 47 = -3*c + 56. What is the greatest common factor of u and 855?
95
Let d = 112 + -77. Calculate the highest common factor of 105 and d.
35
Let r(u) = 2*u - 3. Let v be r(4). Let m(b) = -3*b - 5. Let l be m(v). Let f be l/(-5) - (-2 + 4). What is the greatest common divisor of f and 22?
2
Suppose 8 = 4*x - 12, g - 2*x = 9. Suppose -5*h + b + 276 + 202 = 0, -4*b = 12. Calculate the highest common divisor of h and g.
19
Let j = 277 - 158. Calculate the greatest common factor of j and 35.
7
Let o = -77 + 79. Suppose -x - 4*s = -58, x + o*s + 66 = 3*x. Calculate the highest common factor of 95 and x.
19
Suppose -2*b + 41 = 3*t, 2*t + 0*t + 3*b - 29 = 0. Calculate the highest common divisor of t and 611.
13
Let c = 191 - 190. Suppose f + 4*a + 22 = 3*f, 1 = -4*f - a. Calculate the greatest common factor of f and c.
1
Let c(l) = -l + 1. Let p be c(1). Suppose z - 5*z = p. Suppose -a - 2*g + 14 = z, 2*g = 3*a - 29 - 5. Calculate the highest common divisor of a and 48.
12
Let u(c) be the first derivative of 4*c**3/3 - c**2 - 13. Let b be u(-2). Calculate the highest common divisor of 10 and b.
10
Suppose -657 - 123 = -13*j. Let z be -3 - 1*(-7 - 2). What is the highest common divisor of z and j?
6
Suppose 12 = -4*l, -5*l + 6 - 75 = -3*x. Calculate the highest common factor of x and 9.
9
Suppose 3*t - 12 = 33. Suppose 7*m - 10*m = -t. Suppose m*z - 36 = 3*z. What is the greatest common factor of 198 and z?
18
Let x be -9*(1/(-3) + 0). Suppose -x = -k + 1. Suppose 3*v + 2*u = 521, -386 = -k*v - u + 302. What is the highest common divisor of 19 and v?
19
Suppose 12 = -3*b - 4*y + 40, -5*b + 28 = 2*y. Suppose b*h + h - 135 = 0. Suppose 413*m - 72918 = 16290. What is the greatest common divisor of h and m?
27
Let j be (-5)/(-3 + (-2)/(-1)). Let f = 10 - j. Suppose 15 = 13*r - 10*r. Calculate the greatest common divisor of r and f.
5
Let i be 319 + 2/(-1 - (-28)/20). What is the greatest common divisor of i and 36?
36
Suppose 7*a = -7*a + 910. What is the highest common factor of a and 78?
13
Suppose 2413 = 3*d + 796. Suppose 14*w - 21*w = -d. Let m = 28 + -17. What is the greatest common factor of w and m?
11
Let i be (-2)/(-3)*(2 + 4). Let u(d) = d. Let n be u(i). Suppose h = -n + 12. Calculate the highest common divisor of h and 4.
4
Let x = -169 - -253. What is the highest common factor of x and 126?
42
Suppose 12*h + v - 384 = 9*h, -h + 128 = 3*v. What is the greatest common divisor of h and 448?
64
Suppose -i = -6*i + 175. Let s(t) = -t**2 - 10*t + 7. Let j(x) = -x - 5. Let m be j(5). Let h be s(m). Calculate the highest common factor of h and i.
7
Let p = -4 + -26. Let z be p/(-20)*2/1. Suppose z*g + 528 = 6*g. Calculate the greatest common divisor of g and 16.
16
Let w = 635 - 610. Calculate the highest common factor of w and 25.
25
Suppose 3*c - 6*c = -3. Suppose 0*n + n + 2*j = 9, 3*n - 24 = -3*j. What is the highest common divisor of n and c?
1
Let a(d) = -d**2 + 6*d + 48. Let c be a(6). What is the highest common divisor of 112 and c?
16
Let w(v) = -2*v + 6. Let n(j) = 1. Let a(b) = 6*n(b) - w(b). Let h be a(17). Calculate the greatest common divisor of 17 and h.
17
Suppose 3*q - q = -4*m + 18, q - 2*m = 1. Suppose -4*d = 20, -4*t + t + q*d = -49. Calculate the greatest common factor of 12 and t.
4
Let z(j) = -4*j**3 + 2*j**2 + 2*j - 2. Let b be z(1). Let k = 1 + 2. Let n be b + 6 - (k + -3). What is the highest common factor of n and 2?
2
Let z be 0/(-3) + 7/1. Let j be (-2)/(-7) - (-5)/z. Suppose 4*g = -4*a + 24, 5*g + 124 = -a + 158. Calculate the greatest common divisor of j and g.
1
Suppose 283 = -5*g + x - 0*x, 4*x - 49 = g. Let n = -49 - g. Let r be 244/6 - (-8)/(-12). What is the highest common factor of n 